 p(h) = -6*j(h) + w(h). Let d(m) = -6*m - 9. Let x(s) = 4*d(s) - 5*p(s). Calculate x(n).
5
Let o(y) = 12*y**2 + 8*y - 1. Let l be o(4). Let p(t) = 4 - 229*t + l*t + 0 - t**2. Determine p(-7).
-3
Let n(r) = 3*r**2 - 3*r + 1. Let v be n(2). Let m(o) be the first derivative of -o**3/3 + 4*o**2 - 5*o + 2584. What is m(v)?
2
Suppose -3*v + 23 - 2 = 0. Let g(j) = -13*j - 1013. Let l(x) = -68*x - 5412. Let i(c) = -16*g(c) + 3*l(c). Calculate i(v).
0
Let i(f) be the first derivative of -f**3 + 42*f**2 + 4*f + 1973. Calculate i(28).
4
Let g(x) = x**3 - 7*x**2 - 2*x + 1. Let l(j) = -3*j**3 + 19*j**2 + 6*j - 2. Let q = -198 + 190. Let h(k) = q*g(k) - 3*l(k). Calculate h(-2).
-10
Let n(p) = 9*p**3 - 2*p**2 - p + 8. Let a(h) = -217*h**2 - 1 + h - 2*h**3 + 438*h**2 - 222*h**2. Let g(v) = -4*a(v) - n(v). Determine g(5).
6
Let d be 2 + ((-6)/4 - 9/(-18)). Let v = d - 3. Let q be (-1 - v)/(2/8) - -2. Let z(o) = -o**3 + 5*o**2 + 6*o - 2. Calculate z(q).
-2
Suppose 0 = -4*d - 8 + 16. Let h be (d + -9)*(-4)/28*-4. Let q(r) = 2*r**2 + 5*r + 5. Determine q(h).
17
Let g be -3 + 4 + 6/(-3). Let i(s) be the second derivative of 23*s**3/6 - 9*s + 2. Give i(g).
-23
Let w(r) = r - 21. Suppose -2*b + 91 = 3*u, 4*b - 253 = -2*u - 91. Suppose b = 2*g + 5*z, 2*g + 0*z - 5*z = 18. What is w(g)?
-7
Let f(d) = -d**2 + 6*d + 16. Let g(x) = 3*x**3 + 197*x**2 - 64*x + 141. Let m be g(-66). Give f(m).
-11
Let j(x) = -2*x + 5. Let z be (44/12 + -3)*78/52. Calculate j(z).
3
Suppose -3960 = -13*r - 983. Let x = -232 + r. Let l(y) = -y**2 - 2*y - 1. What is l(x)?
-4
Let n(r) = -2*r**3 - 3*r**2 + 6*r - 7. Let h be 3*5*(-26)/(-195). Calculate n(h).
-23
Let g(o) = -9*o**3 + 20*o + 22. Let c(r) = 2*r**3 + r**2 - 4*r - 1. Let z(p) = 5*c(p) + g(p). Determine z(-5).
17
Suppose -6*d + 12 + 378 = 0. Suppose 2*s = -d + 53. Let z(j) = -j**3 - 7*j**2 - 5*j - 8. Give z(s).
-14
Let i(q) = -56*q - 23. Let l(k) = 5*k - 2. Let d(a) = -i(a) - 5*l(a). What is d(-1)?
2
Suppose 0 + 18 = -2*d. Let t(r) = -2 + 10505*r - 21025*r - 5 - 6 + 10526*r + r**2. What is t(d)?
14
Let d(x) be the third derivative of -x**6/120 + x**5/5 + 5*x**4/4 + 7*x**3/6 + 290*x**2 - 6*x. Give d(14).
35
Let z(o) = 68*o**2 + o**3 + 57*o**2 - 9*o - 6 - 117*o**2. Let s(p) = 2*p**2 - 14*p + 11. Let b be s(5). Give z(b).
-6
Let y(j) be the second derivative of -j**7/840 - j**6/360 - j**3/6 + 4*j. Let b(c) be the second derivative of y(c). Let p = -652 - -653. Calculate b(p).
-2
Suppose -199*t - 62 = -195*t - y, 0 = -t - 2*y - 11. Let o(h) = h**2 + 17*h + 19. Determine o(t).
-11
Let h(r) = r**3 + 5*r**2 + 5. Let c be h(-5). Let a(k) = k**2 + 22*k + 123. Let p be a(-11). Let o(s) = s**p - 173 - 6*s**3 + 4*s**2 + 179 + 5*s**3. Give o(c).
6
Let a(b) be the third derivative of 3*b**4/8 + 5*b**3/3 - 963*b**2. Calculate a(-3).
-17
Let g = 22 - 15. Let s(r) = r**3 + 33*r**2 - 34*r + 15. Let x be s(-34). Let y(m) = -1 - 31*m**2 + x*m + 20*m**2 + 17*m**2 - 6*m - m**3. What is y(g)?
13
Let x(y) = -646 - 141*y + 72*y + 70*y + 663. Determine x(11).
28
Let o(p) be the first derivative of 2*p**2 - 1/3*p**3 + 8*p + 99. Determine o(6).
-4
Let y(v) = -v**3 - 12*v**2 + 12*v - 8. Suppose 40*d = 47*d - 266. Suppose 3*i + 51 = -6*k + 10*k, -4*k = -2*i - d. Calculate y(i).
5
Let c be (-2)/(-3) - (-10)/3. Let x(q) be the second derivative of 142*q + 0 + 3/2*q**2 - 1/2*q**3. What is x(c)?
-9
Let d(o) = -o**3 - o**2 - 14. Suppose -4*x - 2 = -2*x + 3*c, 4*x = -4*c - 8. What is d(x)?
34
Suppose -2*l = 2*l - q - 48, l - 4*q = 12. Suppose -l*r + 10*r = -12. Let y(i) = -i**3 + 5*i**2 + 6*i - 4 + 3 + 3 - 3. What is y(r)?
-1
Let p(u) = 11*u**2 + 12*u + 52. Let j(t) = -8*t**2 - 20*t - 53. Let x(f) = -4*j(f) - 3*p(f). Determine x(45).
11
Let k(d) be the third derivative of -d**4/8 + d**3 - 57*d**2. Suppose -5*g = -4*n + 82, 3*g + n = -0*n - 56. Let i = g + 24. Give k(i).
-12
Let w(n) = n**2 - 2*n - 4. Let s be w(3). Let g(m) be the second derivative of m**4/2 + m**3/6 + m**2/2 - 21459*m. What is g(s)?
6
Suppose 2 = -o, -3*p - 5*o + 4*o + 25 = 0. Let f(i) = -7*i**3 - p + 3*i - 2*i + 8. Calculate f(1).
-7
Let p(a) be the third derivative of -1/6*a**4 + a + 1/2*a**3 + 1/30*a**5 + 0 + 108*a**2. Give p(3).
9
Let s(a) = 13*a - 135. Let m(o) = 3*o + 1. Let g(h) = -4*m(h) - s(h). Determine g(6).
-19
Let w(g) = -g**3 + 16*g**2 + 2*g - 32. Let n be ((-4)/3*3)/((-144)/576). Give w(n).
0
Let w(v) = v**3 + 16*v**2 + 47*v - 23. Let k(m) = 2*m**3 + 18*m**2 + 55*m - 21. Let x(p) = 2*k(p) - 3*w(p). Calculate x(14).
-15
Let b(x) be the first derivative of -x**4/4 + 13*x**3/3 + 34*x**2 + 6*x + 561. Give b(-4).
6
Let s(d) = -d + 22 + 25 + 14 - 57. Let u(h) = -1. Let r(o) = 2*s(o) + 4*u(o). Determine r(3).
-2
Suppose 2*t - 7*t = 0. Suppose n + x = 20, 5*n + x - 58 - 38 = t. Suppose -n*q = -23*q - 40. Let z(a) = -a**3 - 9*a**2 + 8*a - 13. Determine z(q).
7
Let d be (2 + 9/(-2))*2. Let z(u) be the first derivative of u**5/60 + u**4/6 - 2*u**3/3 + 15*u**2/2 - 81. Let s(o) be the second derivative of z(o). Give s(d).
1
Let b(k) be the first derivative of k**3/3 - 30*k**2 + 378*k - 41. Let i be b(7). Let j(a) = 2*a + 5. What is j(i)?
19
Let g(j) be the first derivative of j**3/3 + j**2/2 - 2*j - 1153. Give g(1).
0
Let g(a) = -2*a**2 - 23*a - 49. Let p be g(-8). Let b(m) = 2*m**2 - 6*m + 5. Calculate b(p).
61
Let g(m) = -7*m + 5. Let w(o) = 2 + 5*o - 4*o - 2. Let l(x) = -g(x) - 6*w(x). Let b(i) = -i**3 + 9*i**2 - 7*i + 2. Let j be b(8). Give l(j).
5
Let s(o) = o**3 - 5*o**2 + 5*o + 1. Let w be 5 + (75/12 + -6)/((-13)/52). Calculate s(w).
5
Let s = 274 + -265. Let k(n) = 3*n**2 + 20*n + 1. Let x(o) = 7*o**2 + 43*o + 3. Let c(b) = s*k(b) - 4*x(b). Give c(7).
4
Let i(j) = 5707 - 17283 + 37*j**3 + 5789 + 2*j - 2*j**2 + 5786. Let a = 2 - 1. Calculate i(a).
36
Let l(u) = -u**2 - 17*u + 2. Let h be l(-17). Let y(p) = 28*p - 11*p + p**2 - 18*p + h. Suppose 1 = -16*c + 49. Give y(c).
8
Let n be (88/(-20))/(18/(-72) + 3/(-20)). Let k(p) = -2*p**2 + 19*p + 2. Determine k(n).
-31
Let t(w) = -w**3 + 10*w**2 + 9*w + 25. Let h = -4671 + 4682. Determine t(h).
3
Suppose -17 = -4*m - 5. Let o(k) = -19*k + k**m + 5 + 12*k + 6*k. What is o(0)?
5
Let i(n) = 0*n - 6*n - 26 + 7*n - 20*n + 20*n. Give i(10).
-16
Let w be -1*((8 - 5) + (2 - 7)). Let x(z) = 4 + z**w - 1 - 55*z + 54*z. Determine x(-3).
15
Suppose -4*v = 1 - 17. Suppose 2*t + 2*c - 5 = 5, 5*t - v*c + 11 = 0. Let b be t/((-8)/(-12)*6/(-4)). Let a(r) = 4*r + 1. Determine a(b).
-3
Let q(b) = b**3 + 3*b**2 - 5*b + 2. Let v = -9 - -11. Let o(a) = -2*a**3 + 3*a**2 + a - 2. Let g be o(v). What is q(g)?
6
Let y(o) = 14 - 7*o**2 + 7*o**2 + o + 8*o - o**2. Calculate y(10).
4
Let g(b) be the third derivative of b**6/120 + b**5/3 - b**4 - 7*b**3/2 - 1398*b**2. Calculate g(-21).
42
Let p(x) be the second derivative of 7/6*x**3 + 1/4*x**4 - 23*x - 7/2*x**2 - 1/20*x**5 + 1. What is p(5)?
-22
Let l(h) = -2*h**3 - 3*h**2 - 2*h. Suppose -6*g + 170 = 14. Let i = 24 - g. Determine l(i).
8
Suppose -15 = -4*p + 5. Let v(c) = 7*c. Let z(r) = 6*r + 1. Let q(f) = p*v(f) - 6*z(f). Give q(-10).
4
Let f(l) = -3*l + 3. Let g(z) = -4. Suppose 5*b - 9*d + 8*d = 0, 21 = -b - 4*d. Let j(u) = b*f(u) - 2*g(u). What is j(4)?
17
Let b be ((-30)/105)/(2/(-14)). Let t(f) = -4 - 22*f**2 + f**3 + 49*f**b - 20*f**2 - 8*f. Suppose 3*q = q - 8, 3*g + q = -28. Calculate t(g).
-4
Let s(k) = -6*k - 29. Suppose 0 = 3*g - 4*x + 30, -2*g + 35*x - 36 = 27*x. Give s(g).
7
Let h(d) = 6*d**2 + 2*d + 26. Let x be h(-8). Let n = -388 + x. Let u(l) = -l + 5. Give u(n).
-1
Suppose -24*p + 21*p + 831 = -h, 3*h - 267 = -p. Let i = 281 - p. Let n(u) = 10*u - 14. Let k(z) = -2*z + 3. Let b(w) = -11*k(w) - 2*n(w). Give b(i).
5
Let g(v) = -v + 19. Let z = 16788 - 16763. Determine g(z).
-6
Let b(c) = -495*c**2 + 0 - 2 + c**3 + 492*c**2 - 2*c. Let s(k) = k**3 - 3*k**2 - k - 2. Let u(f) = 3*b(f) - 2*s(f). What is u(4)?
-2
Let m(r) be the second derivative of r**4/4 + r**3/3 - r**2 - 23*r - 1. Suppose -29*t - 12*t + 41 = 0. Determine m(t).
3
Let t(k) be the third derivative of -k**4/24 - 5*k**3/3 + 16*k**2. Let p(w) = w**2 - 48*w + 462. Let j be p(14). Calculate t(j).
4
Suppose -4*d - 114 = d - 2*f, 54 = -2*d + 2*f. Let g(q) = 2*q + 10 + 31 + 0*q. Determine g(d).
1
Let s(o) be the third derivative of o**6/120 + 3*o**5/4 + 